23400 (base 5) in base 15?
8ca0
-11001111000 (base 2) to base 9
-2240
Convert -2502 (base 8) to base 6.
-10122
What is 15450 (base 13) in base 10?
40287
Convert d37d (base 14) to base 8.
107023
What is 652 (base 8) in base 9?
523
What is -332221 (base 4) in base 6?
-30321
10011 (base 3) to base 2
1010101
What is 13135 (base 7) in base 5?
103010
a45 (base 15) to base 4
210023
-1367 (base 12) to base 15
-9e4
2b79 (base 16) to base 5
324004
Convert -39122 (base 10) to base 8.
-114322
Convert -23121 (base 4) to base 5.
-10404
What is -2b096 (base 12) in base 5?
-3414334
-14098 (base 10) to base 8
-33422
Convert 3b (base 16) to base 15.
3e
What is 3000130 (base 4) in base 15?
39b1
Convert 1152 (base 12) to base 15.
88e
365 (base 14) to base 13
401
Convert -5959 (base 14) to base 15.
-4928
Convert -10a62 (base 13) to base 6.
-352231
-32254 (base 8) to base 5
-412414
What is 4b28 (base 12) in base 8?
20520
What is -1201111 (base 3) in base 7?
-3442
-14b3 (base 15) to base 11
-337a
-1010001 (base 3) to base 12
-577
Convert 144c (base 14) to base 16.
e0c
What is -133 (base 4) in base 5?
-111
What is 315654 (base 7) in base 15?
113d0
Convert -1011100000011 (base 2) to base 9.
-8065
What is -1990 (base 13) in base 12?
-2277
887 (base 13) to base 16
5b7
Convert -100011011 (base 2) to base 14.
-163
Convert 1120002 (base 3) to base 11.
943
-3031123 (base 4) to base 8
-31533
What is -58 (base 15) in base 5?
-313
Convert -c (base 14) to base 8.
-14
Convert 3333 (base 6) to base 8.
1411
What is -201002 (base 3) in base 11?
-429
Convert -115240 (base 6) to base 8.
-24010
Convert -6929 (base 10) to base 13.
-3200
Convert 210 (base 13) to base 2.
101011111
25532 (base 7) to base 2
1101010000001
What is -879 (base 12) in base 11?
-a32
-10101111 (base 2) to base 10
-175
Convert -1470 (base 14) to base 15.
-111b
4100 (base 5) to base 10
525
Convert -10834 (base 10) to base 15.
-3324
Convert -1000020 (base 3) to base 15.
-340
Convert 3130130 (base 4) to base 13.
6563
Convert -121332 (base 4) to base 13.
-9ab
-152655 (base 7) to base 13
-1076a
-20d1 (base 15) to base 5
-210241
What is 73 (base 11) in base 8?
120
-21058 (base 9) to base 8
-33120
Convert 11a44 (base 16) to base 11.
4a321
222142 (base 5) to base 3
101200210
-43553 (base 6) to base 14
-22bb
Convert -aa6a (base 11) to base 14.
-5468
What is 660 (base 8) in base 6?
2000
Convert 24355 (base 8) to base 15.
3187
20667 (base 10) to base 4
11002323
-1413444 (base 5) to base 3
-1111010022
What is 442 (base 9) in base 6?
1402
-43 (base 15) to base 2
-111111
-380 (base 16) to base 3
-1020012
What is -431 (base 7) in base 2?
-11011010
-11122102 (base 3) to base 2
-110100111010
Convert -1a66 (base 11) to base 16.
-a35
What is -10000010100110 (base 2) in base 9?
-12416
What is -2311021 (base 4) in base 14?
-4321
Convert -9dd (base 16) to base 12.
-1565
Convert 1002001 (base 4) to base 15.
13ba
Convert -1199 (base 10) to base 6.
-5315
Convert -904 (base 13) to base 15.
-6ba
What is -122311 (base 4) in base 16?
-6b5
-12110 (base 4) to base 5
-3104
-11016 (base 7) to base 3
-10210010
What is -2634 (base 7) in base 3?
-1101020
-759 (base 11) to base 4
-32033
-12323221 (base 4) to base 16
-6ee9
What is -22230333 (base 4) in base 6?
-534543
Convert -16a6 (base 14) to base 12.
-242a
149 (base 14) to base 5
2021
-110101011001 (base 2) to base 12
-1b89
-2120 (base 3) to base 10
-69
What is -36018 (base 9) in base 7?
-130121
-21 (base 15) to base 4
-133
Convert -10001111111011101 (base 2) to base 8.
-217735
-14424 (base 5) to base 13
-744
What is 43 (base 13) in base 3?
2001
What is 430 (base 7) in base 3?
22001
What is 11010100110001 (base 2) in base 13?
6276
What is -5b17 (base 13) in base 9?
-18573
Convert -b4c (base 13) to base 9.
-2566
Convert -10515 (base 11) to base 14.
-57c2
Convert -5724 (base 11) to base 12.
-4434
Convert -566 (base 12) to base 16.
-31e
1844 (base 10) to base 14
95a
-32211 (base 4) to base 2
-1110100101
251231 (base 6) to base 2
101011101000011
410a (base 15) to base 2
11010110100111
100000111 (base 2) to base 16
107
Convert 3131 (base 7) to base 15.
4d5
What is 57 (base 9) in base 4?
310
What is 4160 (base 9) in base 14?
117d
Convert b55 (base 13) to base 2.
11110001001
Convert 58a3 (base 14) to base 16.
3c47
What is -327 (base 11) in base 15?
-1b2
Convert -52253 (base 8) to base 14.
-7c83
3406 (base 8) to base 2
11100000110
Convert 4b9 (base 12) to base 14.
393
What is -12104 (base 5) in base 9?
-1214
Convert 21222 (base 3) to base 14.
115
What is -301203 (base 4) in base 16?
-c63
What is -3a51 (base 11) in base 16?
-148b
What is 160476 (base 8) in base 3?
2221002122
What is -10000110111 (base 2) in base 6?
-4555
Convert 1003232 (base 4) to base 5.
114314
Convert -1145 (base 7) to base 11.
-357
What is -550 (base 10) in base 9?
-671
Convert 48a (base 11) to base 4.
21012
What is 819 (base 13) in base 6?
10210
-1a4 (base 11) to base 3
-22201
Convert 159 (base 15) to base 3.
102110
Convert -5365 (base 13) to base 2.
-10110100110111
What is 22311 (base 6) in base 12?
1997
-3b2 (base 14) to base 8
-1350
What is -1022211 (base 5) in base 14?
-6393
-2743 (base 11) to base 6
-24244
213013 (base 4) to base 2
100111000111
What is -40110 (base 5) in base 4?
-213202
What is 100110000000 (base 2) in base 6?
15132
1010010001000 (base 2) to base 7
21216
1120021222 (base 3) to base 5
1441313
What is -244210 (base 6) in base 7?
-120126
What is -26929 (base 10) in base 6?
-324401
What is 113a5 (base 12) in base 2?
101100111101101
What is -566 (base 8) in base 7?
-1043
Convert 8c74 (base 16) to base 4.
20301310
What is 3320 (base 5) in base 13?
295
Convert 2b974 (base 13) to base 10.
82905
189a5 (base 12) to base 13
134ba
25717 (base 12) to base 9
77131
Convert 9874 (base 10) to base 12.
586a
-2455 (base 9) to base 13
-aac
What is -121321 (base 4) in base 13?
-9a6
What is 23300 (base 4) in base 13?
45b
Convert -3571 (base 10) to base 7.
-13261
What is 11522 (base 6) in base 14?
89c
What is 21156 (base 11) in base 7?
155532
Convert 10010000101011 (base 2) to base 11.
6a58
Convert 6e (base 16) to base 9.
132
-3321 (base 11) to base 14
-184b
What is 20173 (base 8) in base 3?
102101222
Convert -7751 (base 8) to base 6.
-30505
Convert 100110101011101 (base 2) to base 11.
13975
Convert 284 (base 9) to base 11.
1a7
Convert -38555 (base 9) to base 2.
-110010101110010
-122224 (base 7) to base 9
-33661
What is -101201 (base 3) in base 8?
-441
What is 346 (base 7) in base 14?
cd
Convert -10101111 (base 3) to base 2.
-100110100110
Convert -1000110 (base 2) to base 15.
-4a
Convert 4a3 (base 11) to base 14.
309
What is 1036 (base 7) in base 5?
2440
What is -41077 (base 8) in base 7?
-100305
Convert -23 (base 11) to base 2.
-11001
Convert -2347 (base 9) to base 2.
-11011010000
What is -1100101100 (base 2) in base 5?
-11222
Convert 8200 (base 9) to base 14.
2282
2055 (base 6) to base 5
3332
-23132 (base 7) to base 12
-34bb
Convert 220 (base 16) to base 15.
264
What is -502 (base 10) in base 9?
-617
-174a (base 15) to base 3
-20212221
-11201201 (base 3) to base 14
-1384
Convert -2211220 (base 3) to base 15.
-936
What is 2b1 (base 15) in base 6?
2504
What is -211111 (base 6) in base 7?
-100606
Convert -456 (base 7) to base 15.
-10c
Convert -3488 (base 9) to base 10.
-2591
-112300 (base 5) to base 14
-16b1
Convert -11 (base 2) to base 14.
-3
Convert -21b1a (base 14) to base 11.
-56474
Convert 317 (base 12) to base 10.
451
Convert -341 (base 14) to base 13.
-3a8
Convert 11133310 (base 4) to base 6.
252124
2141 (base 12) to base 4
321001
133 (base 15) to base 2
100010001
1002021 (base 4) to base 7
15225
Convert -1010111111111110 (base 2) to base 6.
-544330
-3862 (base 12) to base 13
-2bc1
2201 (base 6) to base 12
361
-1645 (base 8) to base 13
-56a
111111010000 (base 2) to base 15
12ed
What is -71534 (base 9) in base 11?
-32421
Convert -25d (base 15) to base 10.
-538
Convert -333001 (base 4) to base 9.
-5471
What is 11c (base 15) in base 8?
374
Convert -1233202 (base 4) to base 3.
-100210101
What is -121a (base 13) in base 15?
-b58
What is -112210221 (base 3) in base 13?
-4bb8
Convert -10111100010 (base 2) to base 10.
-1506
Convert -23204 (base 5) to base 11.
-1297
Convert 12621 (base 7) to base 14.
1348
Convert -122210 (base 3) to b